u) = -2*u**3 + u**2. Suppose 0*p - 2*p = 4. Let c(q) = 2*q**2 + 62*q - 796. Let t be c(10). Let f be 2/4 - p/(t/(-18)). What is a(f)?
3
Let d(j) be the second derivative of -11*j + 1/6*j**3 - 3*j**2 + 0 - 1/24*j**4. Let b(o) be the first derivative of d(o). Calculate b(3).
-2
Let a(u) = u + 1. Let v be -1*1 - (6 + 1 - 15). Let t(w) = -2*w + 23. Let h be t(v). Determine a(h).
10
Let a(i) = 49*i - 37*i + 13*i**2 + 25 - 31*i**2 + 19*i**2. Determine a(-10).
5
Let x(u) = -3*u - 13. Let k = 258 - 154. Let t = k - 114. Determine x(t).
17
Let p(l) = 2*l**3 + 11*l**2 - 14*l - 45. Suppose -g = 9 - 3. Let w be p(g). Let v(q) = -q**3 + 2*q**2 + 5*q - 2. Calculate v(w).
4
Suppose -b + h = -h + 15, 5*b = -2*h - 15. Let u(f) = -f**3 - 3*f**2 - 8*f - 6. Calculate u(b).
84
Let m(y) = -2*y - 1. Let i be (414/12)/(-23)*(2 - 4/6). Determine m(i).
3
Let j(o) = -o + 359. Let z(k) = -8*k + 719. Let m(x) = 2*j(x) - z(x). Let w(p) = p - 4. Let d be w(4). Suppose -4 = -4*s - d*s. Calculate m(s).
5
Suppose -11*x - 76*x = 226*x + 2504. Let s(w) = -15*w - 34. Calculate s(x).
86
Let c(a) = -7508 - 7498 + 14953 + 2*a. Give c(23).
-7
Suppose 1 = -85*w - 54 - 30. Let s(z) = -28*z + 3. Calculate s(w).
31
Let y(m) = 3*m**2 - 192*m + 129. Let w(o) = -4*o**2 + 234*o - 128. Let r(g) = -4*w(g) - 5*y(g). What is r(5)?
12
Let o(c) = 176 + 62*c - 92*c + 27*c + 30*c. Calculate o(-7).
-13
Suppose 114 - 16 = -4*t - u, -3*t - u = 73. Let f be ((-270)/t)/1 - 8/(-40). Let o(c) = -c**3 + 12*c**2 - 15*c + 16. What is o(f)?
-28
Let r(c) be the first derivative of -c**4/4 + 4*c**3/3 + 10*c**2 - 6*c - 566. Give r(7).
-13
Let c = -427 - -421. Let v(s) be the second derivative of -s**5/20 - s**4/2 - s**3/3 - 11*s. Determine v(c).
12
Let x(z) = -z**2 - z - 1. Let k(h) = 3*h + 19. Suppose 18 = 18*t - 12*t. Suppose 0*j - 5*j = -s, -3*j - t = 0. Let u be k(s). Determine x(u).
-21
Let r(c) = -5*c**2 - 4*c - 8. Suppose 1 = -f + 5. Let m(t) = -14*t**2 - 13*t - 23. Let i(a) = f*m(a) - 11*r(a). Let s = -180 + 173. Give i(s).
3
Let b(i) = 7*i**3 + i - 1. Let k = 189 - 37. Let d = 153 - k. Calculate b(d).
7
Suppose 35*t - 30 - 44 = -4. Let f(d) be the second derivative of 0*d**3 - 24*d + 0 + 1/12*d**4 + 8*d**t. Calculate f(0).
16
Let h(n) = 7427940 - n**3 - 10*n**2 + 2*n**3 + 16*n - 7427932. What is h(4)?
-24
Let c(o) = 7*o + 3. Let x(r) = 5*r + 202. Let h be x(-41). Give c(h).
-18
Let d(q) = -2*q**2 - 31*q + 165. Let n(g) = 7*g**2 + 109*g - 592. Let k(z) = -18*d(z) - 5*n(z). Give k(-8).
-50
Suppose -927*u = -872*u - 330. Let o(v) = v**2 - v + 6*v - 13*v - 5 + 4*v. Give o(u).
7
Let l(r) be the first derivative of -r**3/3 + 19*r**2 + 169*r + 1583. Determine l(42).
1
Let n(o) = 3*o**3 + 13*o**2 + 8*o + 7. Let t be 400/(-32)*2/5. What is n(t)?
-83
Let c(o) = 5*o**2 + 5 - 615*o**3 + 616*o**3 + 1 - 4*o**2. Suppose 0 = 3*b + 5*r + 41, 0*b + 4*r - 108 = 4*b. Let s = -22 - b. Determine c(s).
6
Suppose 48 = -y - 5*y. Let v = -6 - y. Let j(l) = l**3 - 5 + 12*l**v - 7*l - 3*l**2 - 7*l**2. Calculate j(-4).
-9
Let x(r) = -r + 10. Let p(d) = -2*d + 21. Let a(q) = 3*p(q) - 5*x(q). Suppose 4*i + 4*k - 28 = 0, -407*k + 408*k = 3*i - 29. Give a(i).
4
Let t(c) be the first derivative of c**2 + 12*c - 735. What is t(-18)?
-24
Suppose -2*q - 8*q = -40. Suppose 4*y - f = -58, -q*y - 82 + 20 = f. Let u(k) = k + 20. Give u(y).
5
Let u(w) = w**2 - w - 11. Let q = 25 + -25. Suppose 4*t - 2*j + 94 = -118, t - j + 54 = q. Let r be (-8)/t - (-6)/(-39). Determine u(r).
-11
Let m(l) be the third derivative of 19*l**4/12 + 5*l**3/6 + 633*l**2. Calculate m(3).
119
Let q(n) = 6*n - 97. Let t = -19547 - -19564. Calculate q(t).
5
Let a(j) = 5*j**2 + j + 38. Let t(z) = 2*z**2 + z + 22. Let b(n) = -3*a(n) + 5*t(n). Give b(0).
-4
Suppose -202*i - 1568 = -192 + 1452. Let j(n) = -n**2 - 10*n + 44. What is j(i)?
-12
Let p(h) = h**3 + 8*h**2 + 6*h - 8. Let j be p(-7). Suppose -27 = -3*i - 2*r, 4*i - 20 = 2*i - 2*r. Let o(v) = -2*v - 5 + 6*v + i - 3. Give o(j).
-5
Let q(h) = h**2 + 4*h - 9. Let s be 47/(-9) + 12/54. Calculate q(s).
-4
Let k(z) = 239*z**2 + 2*z - 187. Let b(a) = -40*a**2 + 29. Let q(x) = -13*b(x) - 2*k(x). Determine q(-1).
43
Let q(k) = 11*k - 26*k + 17*k. Let c = 43 - 43. Suppose 2*p + 5*p + 21 = c. Determine q(p).
-6
Let c(u) = 17*u**2 - 85*u + 19. Let a(g) = 11*g**2 - 62*g + 13. Let h(t) = 10*a(t) - 7*c(t). Calculate h(-2).
11
Let q(t) = -t**3 - 3*t**2 + 2*t. Let o = 3900 - 3906. Determine q(o).
96
Let t(w) be the second derivative of -w**5/20 + w**4/6 - 2*w**3/3 + w**2 - 3*w. Suppose -7*r - 164 - 326 = 0. Let q = r + 72. Calculate t(q).
-6
Let s(l) = -2*l**2 + 4*l - 5. Suppose 2*q - 3*q = 5*x + 13, -x = 4*q - 43. Let n be q/14*287/123. Calculate s(n).
-5
Let g(j) = -4*j**2 + 5*j + 18. Let d(z) = 2*z + 8. Let h(r) = -3*d(r) + g(r). Calculate h(0).
-6
Let f(v) = 102*v - 238*v + 141*v + 2. Give f(-2).
-8
Let r(n) be the third derivative of -n**4/24 - 8*n**3/3 + n**2. Let z = -1669 + 1673. Suppose -2*m = 8, -3*q + 8*m + 16 = z*m. Calculate r(q).
-16
Suppose k + 4*m = m + 3, -3*m = 0. Suppose -5*t - 3*c = 14, 0 = 4*t + k*c + c + 8. Let p(q) = -262 - q**2 - 4*q**2 - q**3 - 6*q + 256. Calculate p(t).
2
Let m(t) = -4*t - 44. Let w be (69/92)/((-3)/44). Determine m(w).
0
Suppose d - 57 = -5*c, 2*c - d = 4*c - 24. Let j(p) = 38*p - 60. Let l(u) = 7*u - 12. Let z(i) = c*l(i) - 2*j(i). What is z(7)?
-5
Let u(g) = g + 2. Let b(c) = -c - 1. Let d(y) = 4*b(y) + 3*u(y). Let s = 230 - 227. Suppose 3*i - 3 = -4*h - 5, -2*i + s*h + 10 = 0. Calculate d(i).
0
Let r(a) = 32 + 3*a - 4*a**2 + a**2 - 25 + a**2. Let j be r(3). Let u(v) = -2*v**3 - 4*v**2 - v + 1. Calculate u(j).
3
Let w = -1 + 2. Let b(s) = 730887*s**3 + s**2 + 18 - 730885*s**3 + 2*s - 20. What is b(w)?
3
Let q(m) = -190 + 681 - 185 - 181 - 154 + 3*m. Let o = 7 + 1. What is q(o)?
-5
Let x(g) = 140*g - 119. Let a(n) = 151*n - 158*n + 1 + 5. Let t(y) = 119*a(y) + 6*x(y). Calculate t(-2).
-14
Let r(z) = -4*z**3. Let m(o) = 7*o + 412. Let s be m(-59). Calculate r(s).
4
Suppose -9 = 3*d - 0. Let i(b) be the third derivative of -b**5/60 - b**4/8 + b**3/6 + 25*b**2 + 4. Calculate i(d).
1
Let q(r) = r**3 + 8*r**2 + 8*r - 5. Suppose -64 = x - 67. Suppose 5*c = 74 - 14. Let o be (c/9)/(-4) - 20/x. Calculate q(o).
-12
Let s = 6 - 8. Let d = 81 - 78. Let l(j) = -5*j**3 - 2*j**2 - 5*j - 11. Let h(q) = 2*q**3 + q**2 + 2*q + 4. Let f(v) = d*l(v) + 8*h(v). What is f(s)?
-3
Let a(t) = 2 - 5*t**2 + 1789*t + t**3 - 17 - 1836*t. What is a(10)?
15
Let y(q) be the first derivative of -1/12*q**4 + 1/6*q**3 + 9/2*q**2 + 5 + 1/20*q**5 + 16*q. Let i(g) be the first derivative of y(g). Give i(0).
9
Let z(r) = -2361 + 12*r + r**2 - 2346 - 2351 + 7041. Calculate z(2).
11
Let g(w) = 0*w + 3 + 3*w - 4*w. Suppose -31*s - 1080 = 10*s - 79*s - 97*s. What is g(s)?
-5
Let c(i) = -i**2 - 5*i - 2. Let h(w) = w**3 + 19*w**2 + 8. Let o = -33 - -14. Let m be h(o). Suppose -m*y - 30 = -3*y. Calculate c(y).
-8
Let b(a) be the second derivative of -a**3/3 + 3*a**2/2 + a - 91. Suppose -3*t + 38 = 7*w - 2*w, -3*t + 26 = 2*w. Calculate b(t).
-9
Suppose 0 = -0*j + 10*j - 130. Suppose -2*r + j = 7. Suppose -46 = -r*n + 5*w, 5*n - 6*w + w - 60 = 0. Let z(p) = p - 5. Calculate z(n).
2
Let q(l) = 16*l - 255. Let j(s) = 17*s - 279. Let p(v) = -10*j(v) + 11*q(v). Give p(-7).
-57
Let n(z) = -z**3 + 12*z**2 - 17*z - 2. Let a = -572 + 582. Calculate n(a).
28
Let m(z) = -152290*z - 54 + 76163*z + 76141*z. Calculate m(8).
58
Suppose -13*v - 107 = -94. Let o(r) = -8*r - 8. Let b(x) = -3*x - 1. Let h(d) = v*o(d) + 3*b(d). Determine h(4).
1
Let k be 4/((-7)/21*(-9)/6). Let i(j) = -3*j**2 + 3*j + 165. Calculate i(k).
-3
Let w(n) = 14*n**2 + 51*n + 1. Let q(u) = 2*u**2 - u. Let h(s) = -15*q(s) + 3*w(s). Calculate h(-14).
3
Let w(v) = -35*v - 41*v - 39*v + 124*v - 270. What is w(30)?
0
Let k(b) = -b**2 - 6*b - 14. Suppose -65*r - 115*r - 1260 = 0. Calculate k(r).
-21
Let z(t) = -3*t**3 - 5*t + 23*t + 4*t**3 - 6*t**2 - 14*t + 2*t. Calculate z(4).
-8
Let d(l) = -l**3 + 14*l + 1. Let f be (-12)/21*98/(-84)*6. Determine d(f).
-7
Let q(z) = -z**2 - 7*z + 35. Let b be -23 + 16 - (4 - 1). Give q(b).
5
Let y be 5 - (14/(-49) - 6332/(-14)). Let j = y - -443. Let f(l) = -l**3 - 3*l**2 + 4*l + 1. Give f(j).
1
Let b(n) = 8*n - 19. Let y be 8 - (-24)/(-8)*45/27.